 9.
9
Suppose -2*n = -3*k + 14, 2*n = k - 6*k + 34. Let m be ((-8)/k)/(1/(-15)). Calculate the highest common divisor of m and 10.
10
Let z = 96 + -61. Let a be (-1 + 2 + 1)*1. Suppose 0 = a*m - 5*m + 9, 5*i - 5*m - 55 = 0. Calculate the greatest common factor of z and i.
7
Let y(c) = -c**3 - 3*c**2 + 2*c - 2. Let f be y(-4). Let p = 104 + f. Let j = p + -62. What is the highest common factor of 16 and j?
16
Suppose k + 3*k - 300 = 0. Let c(o) = -o - 1. Let b be c(5). Let d be b/(((-2)/(-5))/(-1)). Calculate the greatest common factor of d and k.
15
Suppose -3*v + 147 = 3*s, -5*s + 3*s + 2*v + 110 = 0. What is the highest common factor of 13 and s?
13
Let w = -48 + 76. Let z = w + 13. Let x = -16 + z. Calculate the highest common factor of 5 and x.
5
Suppose 3*t - 12 = 96. What is the greatest common factor of 90 and t?
18
Suppose 0*a - 4*a + 308 = 0. Calculate the greatest common divisor of a and 11.
11
Suppose 4*r + 12 = r. Suppose -47 - 7 = -3*l. Let v be l/((-11)/r - 2). What is the greatest common divisor of v and 60?
12
Suppose -4*n - 16 = -0*n, 4*r + 2*n = 352. Let c be (r/(-7))/(-3)*7. Calculate the highest common factor of c and 15.
15
Let l be (2 - -1)*(-2)/(-3). Suppose 104 = 3*a + l*k - 140, -2*a + 4*k = -184. What is the highest common factor of 12 and a?
12
Let k = 7 - 3. Suppose -3*u + 6 = -3*x, -k*x = 2*u + 1 + 1. Let s = 85 - 80. What is the highest common factor of u and s?
1
Suppose 7*q = 681 - 177. What is the greatest common factor of q and 108?
36
Let j(r) = 8*r**3 - r**2 + 2*r - 1. Let o be j(1). Suppose o + 3 = c. What is the highest common factor of c and 22?
11
Let p be (-32)/(-144) + 29/(-9). Let z be 4 + 1 + p + 6. What is the greatest common factor of 1 and z?
1
Let b = -2 + 6. Suppose -29 = b*p - 4*c - 241, 0 = c - 1. What is the greatest common divisor of p and 18?
18
Let c(r) = -r**3 - 6*r**2 - 2*r - 9. Let s be c(-6). Suppose -s*j = -123 - 27. Suppose -4*t = t - 50. What is the highest common factor of t and j?
10
Suppose 2*z - 78 = -y, -3*y - z + 219 = 2*z. Calculate the greatest common divisor of y and 4.
4
Suppose -3*x = -x - 40. Let d = 53 - 13. Calculate the highest common divisor of x and d.
20
Suppose 0 = -5*p + 3*o + 88, 3*p + 3*o - 94 + 22 = 0. Calculate the highest common divisor of 8 and p.
4
Let c(o) = o**2 + 5*o + 6. Let f be c(-6). Let i = f + -6. Calculate the greatest common divisor of i and 42.
6
Let w = 3 + 0. Suppose 6 = -w*y + 4*y. What is the highest common factor of 66 and y?
6
Let h be (16/6)/((-6)/(-9)). Suppose 0 = -4*y - h, -3*x + 4*y + 53 - 16 = 0. What is the highest common factor of x and 121?
11
Let c be -6*2/(-1 + -3). Suppose -2*o + 2*u - 2 = 0, 1 + 4 = -2*o + c*u. Calculate the greatest common divisor of o and 14.
2
Let f be ((-15)/(-4))/((-3)/80*-5). Calculate the greatest common factor of 220 and f.
20
Suppose 37 = 2*x - 5*v, -16 = -x - 3*v + 5*v. Calculate the greatest common divisor of x and 42.
6
Suppose 5*u = -5*z + 20, 4*z = -0*z - 3*u + 13. Let c be 45 - (4/(-2) - z). Let r be (2 - -9) + (-3)/(-3). What is the greatest common divisor of r and c?
12
Let w(f) = -f**2 + 26*f + 12. Let s be w(14). What is the highest common divisor of s and 20?
20
Suppose 0 = -4*v + 5*v - 1. Let t be 8/(-4) - v - -38. Calculate the greatest common divisor of 5 and t.
5
Let j = -52 + 78. What is the greatest common factor of 26 and j?
26
Suppose g - 16 = 26. What is the highest common divisor of g and 14?
14
Let t(s) = s**2 + 3*s - 6. Let x be t(-5). Let p = 6 - x. Suppose -3*z - 3*z = -6. What is the greatest common factor of z and p?
1
Suppose 4*u + 3*i - 1 = -u, 2*i = -u - 4. Suppose u*f = 3*w + f, -2*w + 3*f = 7. What is the greatest common factor of w and 8?
1
Suppose -5*t + 0*t + 300 = 0. Let j = -48 + 84. Let y = j + -21. Calculate the highest common factor of t and y.
15
Let d be (-2)/7 - 1031/(-7). Let o = d + -70. What is the highest common divisor of 11 and o?
11
Let d(g) = 32*g**2 + g - 2. Let s be d(1). What is the highest common divisor of 217 and s?
31
Let s = 9 + -7. Suppose 0 = 4*v + s - 98. Calculate the highest common factor of v and 6.
6
Suppose 0 = -5*s - 2*u + 45, 3*s - 40 = -2*s - u. Calculate the highest common factor of s and 7.
7
Suppose -4*t = 2*b - 3*b + 11, 5*t + 66 = 4*b. Let i = -9 + b. What is the highest common divisor of 70 and i?
10
Suppose 0 = -b - 3*b + 20. Let u be (-956)/(-20) - (-1)/b. Calculate the highest common factor of 16 and u.
16
Suppose 18 = 3*v + 2*f + 1, 4*v = -2*f + 20. Let w = v - 1. Suppose 2*u - 28 = -w*u. What is the highest common divisor of 77 and u?
7
Let l = 8 - 8. Let o be (l + 28)*1/4. What is the greatest common factor of o and 7?
7
Suppose 4*n + 0*n = -2*l + 18, -3*n = l - 15. Let m(a) = a**3 + 5*a**2 + 6. Let x be m(-5). Calculate the greatest common factor of n and x.
6
Let c(r) = r**3 - 4*r**2 + 5*r - 3. Let i be c(4). Let o(d) = 17*d. Let p be o(1). Calculate the highest common divisor of p and i.
17
Let g(f) = -2*f - 4. Let l be g(-4). Suppose 4*b + b = 115. Suppose 0 = 3*p - l - b. Calculate the greatest common factor of p and 1.
1
Suppose -2*q = -q - 11. Let r = q + -5. What is the highest common divisor of r and 3?
3
Suppose -3*y + 4 = -2*y. Suppose y*a - 3*k = 102 + 43, a - 50 = -2*k. What is the greatest common factor of a and 8?
8
Let n(v) = 57*v**2 - 1. Let t(c) = c**3 - 3*c**2 + 2*c - 1. Let d be t(1). Let i be n(d). Calculate the greatest common factor of i and 28.
28
Let s be (-2)/(2*(-2)/44). Suppose 0*z = -2*z + s. Calculate the greatest common factor of z and 99.
11
Suppose l + 5 - 9 = 0. Suppose -l*u + 144 = 2*r, 0 = r + 8*u - 3*u - 81. Calculate the greatest common factor of 22 and r.
22
Let x = -87 + 132. Calculate the greatest common factor of 5 and x.
5
Let n = -5 - -13. Let r(l) = -2*l + 1 + 1 + 0 + l. Let v be r(-2). Calculate the highest common factor of n and v.
4
Let v = -21 + 55. What is the greatest common divisor of 51 and v?
17
Let x = -38 + 60. What is the highest common divisor of 242 and x?
22
Let s(h) = 11*h. Let y be s(1). Let u = 20 - y. Suppose 12 = 3*v - 15. What is the highest common divisor of u and v?
9
Suppose -4*a = 5 + 3. Let h be 1 + a + 3*5. Let r = 1 - -13. Calculate the greatest common divisor of r and h.
14
Suppose 0 + 75 = 3*l. Calculate the highest common divisor of l and 175.
25
Let c(t) = t**3 + 8*t**2 - 12*t + 8. Suppose 4*g + 0 = -8, 60 = -5*z - 5*g. Let q = 1 + z. Let w be c(q). Calculate the highest common factor of 7 and w.
7
Suppose 0 = f + 1 - 2. Suppose -2*l + 7 = f. Calculate the highest common divisor of l and 6.
3
Let z be 27 - (4 + -4 + 1). Suppose d = 2*d - z. Let y = 15 - 2. What is the highest common factor of d and y?
13
Let n be 0/1 - (1 - 7). Suppose 2*s - n*s + 180 = 0. Let w = 4 - -5. What is the greatest common factor of s and w?
9
Let d = 10 - 6. Let z(s) = s + 14. Let i(q) = q - 15. Let f be i(7). Let g be z(f). What is the highest common factor of d and g?
2
Let o(z) = -11 + z**2 + 5*z + 2*z + 0*z**2. Let t be o(-10). What is the highest common divisor of t and 57?
19
Let t = 10 + -7. Let s(m) = -22*m**2 + m + 11. Let w be s(-5). Let j be t/9 + w/(-6). Calculate the highest common factor of 13 and j.
13
Let q = -8 - -6. Let x be 7/(7/q) + 6. Suppose -5*n = 4*f - 16, -x*n + 20 = -5*f + f. What is the greatest common factor of n and 12?
4
Suppose -127 = -3*u - 28. What is the greatest common divisor of 165 and u?
33
Let a(m) = 33*m**2 - 2*m + 1. Let w be a(1). Suppose -5*c + 3*c = 0. Let r(k) = -k + 16. Let o be r(c). What is the greatest common divisor of o and w?
16
Let k = 109 + -73. Calculate the highest common divisor of k and 24.
12
Let w be 3/6 - (-11)/(-2). Let m be (w/10)/(2/(-288)). What is the highest common divisor of m and 8?
8
Let z = -41 - -73. Suppose 3*j = 2*u + 240, 0*j - 2*j + 3*u + 160 = 0. What is the highest common factor of j and z?
16
Suppose -5*c + 6 + 7 = -2*n, c - 5*n - 21 = 0. What is the highest common divisor of c and 3?
1
Let q be 12/9*9/(-6). Let z be (11/(-44))/(q/24). What is the highest common divisor of z and 18?
3
Suppose 4*n - 2*n = 96. Let k be 11 - (6/(-8) - (-4)/(-16)). What is the highest common factor of n and k?
12
Let w(g) = g - 16. Let h be w(0). Let m(b) = b + 34. Let y be m(h). What is the highest commo